{"id":7,"date":"2018-09-08T12:44:30","date_gmt":"2018-09-08T10:44:30","guid":{"rendered":"http:\/\/www.poly-data.com\/?page_id=7"},"modified":"2024-06-24T11:27:25","modified_gmt":"2024-06-24T09:27:25","slug":"accueil","status":"publish","type":"page","link":"https:\/\/www.poly-data.com\/","title":{"rendered":"Donnez de la suite \u00e0 vos donn\u00e9es"},"content":{"rendered":"\n<div class=\"wp-block-media-text alignwide is-stacked-on-mobile\" style=\"grid-template-columns:27% auto\"><figure class=\"wp-block-media-text__media\"><img loading=\"lazy\" width=\"894\" height=\"869\" src=\"https:\/\/www.poly-data.com\/wp-content\/uploads\/2020\/12\/PolyData_Carre_Bleu.png\" alt=\"\" class=\"wp-image-591 size-full\" srcset=\"https:\/\/www.poly-data.com\/wp-content\/uploads\/2020\/12\/PolyData_Carre_Bleu.png 894w, https:\/\/www.poly-data.com\/wp-content\/uploads\/2020\/12\/PolyData_Carre_Bleu-300x292.png 300w, https:\/\/www.poly-data.com\/wp-content\/uploads\/2020\/12\/PolyData_Carre_Bleu-768x747.png 768w\" sizes=\"(max-width: 894px) 100vw, 894px\" \/><\/figure><div class=\"wp-block-media-text__content\">\n<h2 class=\"has-larger-font-size\">De la Business Intelligence \u00e0 l\u2019Exp\u00e9rience Client en passant par le Datamining, Polydata vous accompagne sur tous les projets Data.<\/h2>\n<\/div><\/div>\n\n\n\n<div class=\"wp-container-2 wp-block-columns alignwide\">\n<div class=\"wp-container-1 wp-block-column\">\n<div class=\"wp-block-media-text alignwide is-stacked-on-mobile\" style=\"grid-template-columns:48% auto\"><figure class=\"wp-block-media-text__media\"><img loading=\"lazy\" width=\"1024\" height=\"540\" src=\"https:\/\/www.poly-data.com\/wp-content\/uploads\/2020\/04\/data-marketing-data-science-1024x540.png\" alt=\"\" class=\"wp-image-281 size-full\" srcset=\"https:\/\/www.poly-data.com\/wp-content\/uploads\/2020\/04\/data-marketing-data-science-1024x540.png 1024w, https:\/\/www.poly-data.com\/wp-content\/uploads\/2020\/04\/data-marketing-data-science-300x158.png 300w, https:\/\/www.poly-data.com\/wp-content\/uploads\/2020\/04\/data-marketing-data-science-768x405.png 768w, https:\/\/www.poly-data.com\/wp-content\/uploads\/2020\/04\/data-marketing-data-science.png 1281w\" sizes=\"(max-width: 1024px) 100vw, 1024px\" \/><\/figure><div class=\"wp-block-media-text__content\">\n<h2><strong><span style=\"color:#7dc8d7\" class=\"has-inline-color\">Data Science<\/span><\/strong><\/h2>\n\n\n\n<p>Accompagnement sur chaque \u00e9tape d&rsquo;un projet Data, R\u00e9ponse \u00e0 un besoin op\u00e9rationnel d&rsquo;entreprise.<\/p>\n\n\n\n<p><sub>#Data #ConnaissanceClient #DataManagement #BI #DataMining ..<\/sub><\/p>\n\n\n\n<p><\/p>\n<\/div><\/div>\n\n\n\n<div class=\"wp-block-media-text alignwide is-stacked-on-mobile\" style=\"grid-template-columns:48% auto\"><figure class=\"wp-block-media-text__media\"><img loading=\"lazy\" width=\"726\" height=\"475\" src=\"https:\/\/www.poly-data.com\/wp-content\/uploads\/2020\/04\/Data-Marketing-data-besoin.png\" alt=\"\" class=\"wp-image-258 size-full\" srcset=\"https:\/\/www.poly-data.com\/wp-content\/uploads\/2020\/04\/Data-Marketing-data-besoin.png 726w, https:\/\/www.poly-data.com\/wp-content\/uploads\/2020\/04\/Data-Marketing-data-besoin-300x196.png 300w\" sizes=\"(max-width: 726px) 100vw, 726px\" \/><\/figure><div class=\"wp-block-media-text__content\">\n<h2><strong><span style=\"color:#7dc8d7\" class=\"has-inline-color\">Data Marketing<\/span><\/strong><\/h2>\n\n\n\n<p>Accompagnement \u00ab\u00a0Data Driven\u00a0\u00bb sur le passage de la \u00ab\u00a0Vision produit\u00a0\u00bb \u00e0 la \u00ab\u00a0Vision Client\u00a0\u00bb.<\/p>\n\n\n\n<p>Optimisation de la valeur et la confiance Client.<\/p>\n\n\n\n<p><sub>#Data #ValeurClient #ParcoursClient #Client360 #Fid\u00e9lisation&#8230;<\/sub><\/p>\n\n\n\n<p><\/p>\n<\/div><\/div>\n<\/div>\n<\/div>\n","protected":false},"excerpt":{"rendered":"<p>De la Business Intelligence \u00e0 l\u2019Exp\u00e9rience Client en passant par le Datamining, Polydata vous accompagne sur tous les projets Data. Data Science Accompagnement sur chaque \u00e9tape d&rsquo;un projet Data, R\u00e9ponse \u00e0 un besoin op\u00e9rationnel d&rsquo;entreprise. #Data #ConnaissanceClient #DataManagement #BI #DataMining .. Data Marketing Accompagnement \u00ab\u00a0Data Driven\u00a0\u00bb sur le passage de la \u00ab\u00a0Vision produit\u00a0\u00bb \u00e0 la [&hellip;]<\/p>\n","protected":false},"author":1,"featured_media":0,"parent":0,"menu_order":0,"comment_status":"closed","ping_status":"closed","template":"","meta":{"_mi_skip_tracking":false},"yoast_head":"<!-- This site is optimized with the Yoast SEO plugin v20.6 - https:\/\/yoast.com\/wordpress\/plugins\/seo\/ -->\n<title>Polydata - Data Science, Data marketing<\/title>\n<meta name=\"description\" content=\"De la Business Intelligence \u00e0 l\u2019Exp\u00e9rience Client en passant par le Datamining, Polydata vous accompagne sur tous les projets Data.\" \/>\n<meta name=\"robots\" content=\"index, follow, max-snippet:-1, max-image-preview:large, max-video-preview:-1\" \/>\n<link rel=\"canonical\" href=\"https:\/\/www.poly-data.com\/\" \/>\n<meta property=\"og:locale\" content=\"fr_FR\" \/>\n<meta property=\"og:type\" content=\"article\" \/>\n<meta property=\"og:title\" content=\"Polydata - Data Science, Data marketing\" \/>\n<meta property=\"og:description\" content=\"De la Business Intelligence \u00e0 l\u2019Exp\u00e9rience Client en passant par le Datamining, Polydata vous accompagne sur tous les projets Data.\" \/>\n<meta property=\"og:url\" content=\"https:\/\/www.poly-data.com\/\" \/>\n<meta property=\"og:site_name\" content=\"Polydata\" \/>\n<meta property=\"article:modified_time\" content=\"2024-06-24T09:27:25+00:00\" \/>\n<meta property=\"og:image\" content=\"http:\/\/www.poly-data.com\/wp-content\/uploads\/2020\/12\/PolyData_Carre_Bleu.png\" \/>\n<meta name=\"twitter:card\" content=\"summary_large_image\" \/>\n<meta name=\"twitter:label1\" content=\"Dur\u00e9e de lecture estim\u00e9e\" \/>\n\t<meta name=\"twitter:data1\" content=\"1 minute\" \/>\n<script type=\"application\/ld+json\" class=\"yoast-schema-graph\">{\"@context\":\"https:\/\/schema.org\",\"@graph\":[{\"@type\":\"WebPage\",\"@id\":\"https:\/\/www.poly-data.com\/\",\"url\":\"https:\/\/www.poly-data.com\/\",\"name\":\"Polydata - Data Science, Data marketing\",\"isPartOf\":{\"@id\":\"https:\/\/www.poly-data.com\/#website\"},\"datePublished\":\"2018-09-08T10:44:30+00:00\",\"dateModified\":\"2024-06-24T09:27:25+00:00\",\"description\":\"De la Business Intelligence \u00e0 l\u2019Exp\u00e9rience Client en passant par le Datamining, Polydata vous accompagne sur tous les projets Data.\",\"breadcrumb\":{\"@id\":\"https:\/\/www.poly-data.com\/#breadcrumb\"},\"inLanguage\":\"fr-FR\",\"potentialAction\":[{\"@type\":\"ReadAction\",\"target\":[\"https:\/\/www.poly-data.com\/\"]}]},{\"@type\":\"BreadcrumbList\",\"@id\":\"https:\/\/www.poly-data.com\/#breadcrumb\",\"itemListElement\":[{\"@type\":\"ListItem\",\"position\":1,\"name\":\"Accueil\",\"item\":\"https:\/\/www.poly-data.com\/\"},{\"@type\":\"ListItem\",\"position\":2,\"name\":\"Donnez de la suite \u00e0 vos donn\u00e9es\"}]},{\"@type\":\"WebSite\",\"@id\":\"https:\/\/www.poly-data.com\/#website\",\"url\":\"https:\/\/www.poly-data.com\/\",\"name\":\"Polydata\",\"description\":\"Donnez de la suite \u00e0 vos donn\u00e9es\",\"publisher\":{\"@id\":\"https:\/\/www.poly-data.com\/#organization\"},\"potentialAction\":[{\"@type\":\"SearchAction\",\"target\":{\"@type\":\"EntryPoint\",\"urlTemplate\":\"https:\/\/www.poly-data.com\/?s={search_term_string}\"},\"query-input\":\"required name=search_term_string\"}],\"inLanguage\":\"fr-FR\"},{\"@type\":\"Organization\",\"@id\":\"https:\/\/www.poly-data.com\/#organization\",\"name\":\"Polydata\",\"url\":\"https:\/\/www.poly-data.com\/\",\"logo\":{\"@type\":\"ImageObject\",\"inLanguage\":\"fr-FR\",\"@id\":\"https:\/\/www.poly-data.com\/#\/schema\/logo\/image\/\",\"url\":\"https:\/\/www.poly-data.com\/wp-content\/uploads\/2020\/12\/cropped-PolyData_Negatif.png\",\"contentUrl\":\"https:\/\/www.poly-data.com\/wp-content\/uploads\/2020\/12\/cropped-PolyData_Negatif.png\",\"width\":1156,\"height\":670,\"caption\":\"Polydata\"},\"image\":{\"@id\":\"https:\/\/www.poly-data.com\/#\/schema\/logo\/image\/\"}}]}<\/script>\n<!-- \/ Yoast SEO plugin. -->","yoast_head_json":{"title":"Polydata - Data Science, Data marketing","description":"De la Business Intelligence \u00e0 l\u2019Exp\u00e9rience Client en passant par le Datamining, Polydata vous accompagne sur tous les projets Data.","robots":{"index":"index","follow":"follow","max-snippet":"max-snippet:-1","max-image-preview":"max-image-preview:large","max-video-preview":"max-video-preview:-1"},"canonical":"https:\/\/www.poly-data.com\/","og_locale":"fr_FR","og_type":"article","og_title":"Polydata - Data Science, Data marketing","og_description":"De la Business Intelligence \u00e0 l\u2019Exp\u00e9rience Client en passant par le Datamining, Polydata vous accompagne sur tous les projets Data.","og_url":"https:\/\/www.poly-data.com\/","og_site_name":"Polydata","article_modified_time":"2024-06-24T09:27:25+00:00","og_image":[{"url":"http:\/\/www.poly-data.com\/wp-content\/uploads\/2020\/12\/PolyData_Carre_Bleu.png"}],"twitter_card":"summary_large_image","twitter_misc":{"Dur\u00e9e de lecture estim\u00e9e":"1 minute"},"schema":{"@context":"https:\/\/schema.org","@graph":[{"@type":"WebPage","@id":"https:\/\/www.poly-data.com\/","url":"https:\/\/www.poly-data.com\/","name":"Polydata - Data Science, Data marketing","isPartOf":{"@id":"https:\/\/www.poly-data.com\/#website"},"datePublished":"2018-09-08T10:44:30+00:00","dateModified":"2024-06-24T09:27:25+00:00","description":"De la Business Intelligence \u00e0 l\u2019Exp\u00e9rience Client en passant par le Datamining, Polydata vous accompagne sur tous les projets Data.","breadcrumb":{"@id":"https:\/\/www.poly-data.com\/#breadcrumb"},"inLanguage":"fr-FR","potentialAction":[{"@type":"ReadAction","target":["https:\/\/www.poly-data.com\/"]}]},{"@type":"BreadcrumbList","@id":"https:\/\/www.poly-data.com\/#breadcrumb","itemListElement":[{"@type":"ListItem","position":1,"name":"Accueil","item":"https:\/\/www.poly-data.com\/"},{"@type":"ListItem","position":2,"name":"Donnez de la suite \u00e0 vos donn\u00e9es"}]},{"@type":"WebSite","@id":"https:\/\/www.poly-data.com\/#website","url":"https:\/\/www.poly-data.com\/","name":"Polydata","description":"Donnez de la suite \u00e0 vos donn\u00e9es","publisher":{"@id":"https:\/\/www.poly-data.com\/#organization"},"potentialAction":[{"@type":"SearchAction","target":{"@type":"EntryPoint","urlTemplate":"https:\/\/www.poly-data.com\/?s={search_term_string}"},"query-input":"required name=search_term_string"}],"inLanguage":"fr-FR"},{"@type":"Organization","@id":"https:\/\/www.poly-data.com\/#organization","name":"Polydata","url":"https:\/\/www.poly-data.com\/","logo":{"@type":"ImageObject","inLanguage":"fr-FR","@id":"https:\/\/www.poly-data.com\/#\/schema\/logo\/image\/","url":"https:\/\/www.poly-data.com\/wp-content\/uploads\/2020\/12\/cropped-PolyData_Negatif.png","contentUrl":"https:\/\/www.poly-data.com\/wp-content\/uploads\/2020\/12\/cropped-PolyData_Negatif.png","width":1156,"height":670,"caption":"Polydata"},"image":{"@id":"https:\/\/www.poly-data.com\/#\/schema\/logo\/image\/"}}]}},"_links":{"self":[{"href":"https:\/\/www.poly-data.com\/index.php\/wp-json\/wp\/v2\/pages\/7"}],"collection":[{"href":"https:\/\/www.poly-data.com\/index.php\/wp-json\/wp\/v2\/pages"}],"about":[{"href":"https:\/\/www.poly-data.com\/index.php\/wp-json\/wp\/v2\/types\/page"}],"author":[{"embeddable":true,"href":"https:\/\/www.poly-data.com\/index.php\/wp-json\/wp\/v2\/users\/1"}],"replies":[{"embeddable":true,"href":"https:\/\/www.poly-data.com\/index.php\/wp-json\/wp\/v2\/comments?post=7"}],"version-history":[{"count":37,"href":"https:\/\/www.poly-data.com\/index.php\/wp-json\/wp\/v2\/pages\/7\/revisions"}],"predecessor-version":[{"id":727,"href":"https:\/\/www.poly-data.com\/index.php\/wp-json\/wp\/v2\/pages\/7\/revisions\/727"}],"wp:attachment":[{"href":"https:\/\/www.poly-data.com\/index.php\/wp-json\/wp\/v2\/media?parent=7"}],"curies":[{"name":"wp","href":"https:\/\/api.w.org\/{rel}","templated":true}]}}